e (((-12)/(-2))/6)/((-5)/(-385)). Suppose -2*d + 5*r = -149, d + 0*r = 5*r + x. Calculate the greatest common factor of d and 72.
72
Let w be ((-70)/(-42))/(20/13104). What is the highest common factor of 105 and w?
21
Let t = -14 + 15. Suppose 0 = 3*g - 28 + t. Suppose -11*d + 20 = -g*d. Calculate the highest common factor of 5 and d.
5
Let i(s) be the first derivative of -5 - 1/2*s**4 - s**2 - 4*s + 0*s**3. Let u be i(-3). Calculate the greatest common factor of 14 and u.
14
Suppose 30 = 18*v - 15*v + 3*t, v = 4*t + 10. Suppose -3*b + 713 = -217. Calculate the greatest common divisor of v and b.
10
Let w be 15*((-924)/(-55))/7. Suppose -b = 4*y - 572, 0 = 3*y + 5*b - 219 - 193. What is the greatest common factor of y and w?
36
Suppose -43*w + 4311 = -42*w + 3*y, w - 2*y - 4326 = 0. What is the highest common divisor of w and 675?
135
Suppose 8*y - 131213 + 10365 = 0. Suppose -16*p = -42*p + y. What is the highest common divisor of p and 7?
7
Suppose 23*m = -4031 + 13599. Calculate the highest common divisor of 1196 and m.
52
Let m(s) = s**3 + 30*s**2 + 104*s + 3. Let d be m(-26). What is the highest common divisor of d and 447?
3
Let v = -8 + 11. Suppose 210 = -4*l + 230. Suppose -l*b - 705 = -4*w, 4*w + 4*b - 192 = v*w. What is the greatest common divisor of w and 20?
20
Suppose -2*h - 4*o + 7804 = -16358, -4*h = -4*o - 48312. Calculate the highest common factor of h and 47.
47
Let u(j) = -j**3 + 10*j**2 + 26*j - 15. Let o be u(12). Suppose f - 4*f = -o, -2*r + 4*f + 126 = 0. Calculate the greatest common factor of r and 12.
3
Let d(g) = 46*g - 86. Let n be d(14). Let f be (1161/215)/((-6)/(-20)). What is the highest common factor of f and n?
18
Let w(i) = -i**3 - i**2 - 3*i. Let o be w(-2). Let k be 124/(-5)*o/(-4). Let d = -58 + k. Calculate the highest common divisor of d and 64.
4
Let a(c) = -2*c + 52. Let q be a(12). Suppose 20 = 11*t - 9*t. Let p be 1402/t - 5/25. Calculate the highest common factor of q and p.
28
Let d(o) = o**2 - 13*o + 24. Let n be d(11). Let b be -420*9/((-45)/n). What is the greatest common divisor of b and 21?
21
Let x be -6 - ((-34)/(-85) - 3254/10). Calculate the greatest common divisor of 3973 and x.
29
Suppose 87*b + 62647 = 164002. What is the greatest common factor of 10 and b?
5
Suppose -18*z = -51873 + 43881. What is the highest common divisor of z and 1068?
12
Let g be ((-1323)/735)/((-2)/((-7040)/(-12))). What is the greatest common divisor of 8888 and g?
88
Let b(x) = -x**3 + x**2 - 16*x - 36. Let h be b(-11). Suppose -h = -11*o + 333. Let s be (10/(-6))/((-2)/84). Calculate the greatest common factor of s and o.
35
Let h(z) = z**2 - 6*z - 60. Let y be ((56/21)/(-8))/((-3)/108). Let g be h(y). What is the greatest common factor of 3 and g?
3
Let y(q) = 526*q + 775. Let m be y(8). What is the greatest common factor of m and 132?
33
Suppose -2*p + 11*p = 2*p. Suppose p = -31*o + 51*o - 11200. Calculate the highest common divisor of o and 70.
70
Let y = -1272 - -4547. Calculate the greatest common factor of y and 50.
25
Let y be (-3)/(1 - -20) + ((-2820)/(-42) - 17). What is the greatest common divisor of y and 9?
1
Suppose 3 = -5*l - 3*h, -3 = -4*h - 7. Suppose l = 12*w - 16*w + 1764. Calculate the greatest common factor of w and 63.
63
Suppose 0 = -8*h - 3352. Let l = h - -518. Suppose 3*u + 198 = 6*u. Calculate the highest common factor of u and l.
33
Suppose -21*a + 25*a + 20 = 0. Let v be (425/(-2))/a - 5/(-10). Let p = 79 - v. What is the greatest common factor of 72 and p?
36
Let k(c) = 64*c**3 + 8*c**2 - 511*c + 2543. Let u be k(5). Calculate the greatest common divisor of u and 368.
92
Let q be (-22)/(-3) + ((-312)/(-36) - 8). Suppose -q*t = -333 + 93. What is the highest common divisor of t and 15?
15
Suppose -4*j - 35 - 121 = 4*l, 142 = -4*l + 3*j. Let d be (-4)/(-16) + 69/12 - l. Calculate the highest common factor of 1161 and d.
43
Let m = 4117 + -4059. Calculate the highest common factor of m and 4727.
29
Suppose 332*w - 556 = 331*w. Let s = -553 + w. Calculate the highest common factor of s and 1.
1
Suppose 0 = 810*y - 828*y + 162. Calculate the greatest common factor of 49293 and y.
9
Let l(v) = -821*v - 6464. Let i be l(-8). What is the highest common divisor of i and 16848?
104
Suppose 121 = 9*g - 149. Suppose -3*y = -t - 6*y - 10, -2*y = -4*t + g. Calculate the highest common factor of t and 55.
5
Let p = 4508 - 4436. What is the highest common divisor of 152 and p?
8
Suppose -219*g - 513 = -4477 + 679. Calculate the highest common factor of 1536 and g.
3
Let g(a) = -10*a + 428. Let u be g(38). Calculate the greatest common divisor of u and 8992.
16
Let u be -54*((-78)/12)/13. Let j be u/6*(12 + 2). What is the highest common factor of j and 819?
63
Suppose y + 0 - 16 = 0. Suppose -5*w - r + 322 = -14*r, 4*w - 2*r = 308. Calculate the highest common factor of w and y.
16
Let p(v) = -2*v**2 + 94*v - 418. Let y be p(42). What is the greatest common divisor of 12 and y?
2
Let m(s) = -s**3 + 2*s**2 - 143*s + 443. Let k be m(3). Calculate the greatest common divisor of k and 29.
1
Suppose -4*h + 3*r + 214 = 0, 163 = 3*h + 2*r - 3*r. Suppose 46*c - 39*c + 7336 = 0. Let w = c - -1070. Calculate the greatest common divisor of w and h.
11
Suppose 5*v = 6*v - 10. Let q(y) = -3*y - 3. Let s be q(-2). Suppose -2*l + 8 = 0, -5*r + 2*l + 254 = s*l. What is the greatest common divisor of r and v?
10
Let a be (177/4)/(2/8). Suppose 5*r - 11*r - 17*r + 2714 = 0. What is the greatest common divisor of r and a?
59
Suppose 3*q = -5*v + 82, -38*v + 41*v - q = 52. Let g be 4/(-10) + v/5. Calculate the greatest common divisor of g and 129.
3
Let i be 2 + -1 + (-3 - -5). Let r = 28 - i. Suppose 0 = -4*o - d + 40, -30 = -3*o - 14*d + 12*d. What is the greatest common divisor of r and o?
5
Let k be 45/27*(1 + 2). Suppose 220 = -12*y + 16*y + 5*c, -3*y + k*c + 130 = 0. What is the highest common divisor of 2 and y?
2
Let a = 6642 + -6594. Calculate the highest common divisor of 816 and a.
48
Suppose 5*a - 2270 = -2*f, 33*a = 34*a - 6. What is the highest common factor of f and 60?
20
Let g(t) = -t**3 + 8*t**2 + 2*t - 2. Let i be g(8). Suppose -4*m + 2*b + i = 0, -4*m - 26*b = -23*b - 29. What is the highest common divisor of 35 and m?
5
Let f(j) = -j**2 - 12*j + 1. Let d be f(-12). Suppose -2*o + 468 = 3*x, 0*o + 6 = 2*o. Suppose 6*s = -8*s + x. What is the greatest common factor of d and s?
1
Let v(g) = -34*g - 31*g + 60*g - 4 - 2*g**2 - 38*g**3. Let p be v(-2). Let t = -185 + p. What is the greatest common factor of 39 and t?
39
Let a(w) = 12*w - 22. Let i be a(6). Suppose -7*z + 2*z = 5*o - 2250, 0 = 5*o - 5*z - 2250. What is the greatest common factor of o and i?
50
Let a = 14 - 2. Suppose 3*c + 3 - a = -2*b, -5*b = -4*c - 11. Suppose 36 = -b*x + 6*x. What is the greatest common factor of 3 and x?
3
Let m(l) = l**3 + 10*l**2 - l + 22. Let x be m(-10). Let s(h) = -h**2 + 33*h - 114. Let w be s(11). What is the greatest common factor of w and x?
32
Let h(i) = 397*i + 1213. Let z be h(8). Calculate the highest common divisor of z and 42.
21
Let v = 466 + 710. What is the greatest common factor of v and 441?
147
Let j = -21 - -46. Let f be (1146 - 1131)/(3/2). What is the highest common divisor of j and f?
5
Let c = 557 + 3318. Calculate the greatest common divisor of 93 and c.
31
Let u(v) = -377*v**3 - 2*v**2 - v. Let m be u(-1). Let x be ((-4 - -2) + 3)/(8/m). Let f be x - (-7)/((-14)/10). What is the highest common factor of f and 14?
14
Let k = 193 + -93. Suppose -9 = -22*r + 23*r. Let o be 18*4/30*(-150)/r. Calculate the highest common divisor of k and o.
20
Suppose 0 = -14*g + 304 + 326. Let p be (g/(-10))/((-15)/100). What is the highest common divisor of p and 45?
15
Suppose 0 = -5*n + 22 + 38. Suppose 30*g - 5051 = -1001. Suppose -g + 24 = -4*u - 3*v, 5*u = -5*v + 135. What is the highest common factor of n and u?
6
Let n(g) = 9*g - 3. Let u be n(2). Let c be -3*(-1 + (-1101)/9). Suppose -4*a + 485 = t, -2*a + 2*t - c = -5*a. Calculate the highest common factor of a and u.
15
Let j(n) = 5*n**3 + 2*n**2 - 2*n + 1. Let x = -25 + 26. Let m be j(x). What is the highest common factor of m and 14?
2
Let q be 449/4 + (-2)/8. Let j = 358 + -281. Let l = j - 61. What is the greatest common factor of l and q